{"id":260,"date":"2019-02-11T22:40:12","date_gmt":"2019-02-11T21:40:12","guid":{"rendered":"http:\/\/www2.altenbergtrio.at\/?page_id=260"},"modified":"2019-02-16T11:42:23","modified_gmt":"2019-02-16T10:42:23","slug":"klavierquartette","status":"publish","type":"page","link":"https:\/\/www.altenbergtrio.at\/en\/texte\/klavierquartette\/","title":{"rendered":"Piano Quartets"},"content":{"rendered":"\n\n<!-- Page-list plugin v.4.3 wordpress.org\/plugins\/page-list\/ -->\n<ul class=\"page-list subpages-page-list \">\n<li class=\"page_item page-item-262 first-child-item last-child-item\"><a href=\"https:\/\/www.altenbergtrio.at\/en\/texte\/klavierquartette\/klavierquartette-mit-viola\/\">Piano Quartets with viola<\/a><\/li>\n\n<\/ul>\n\n\n<ul class=\"lcp_catlist\" id=\"lcp_instance_0\"><li><a href=\"https:\/\/www.altenbergtrio.at\/en\/beethoven-grand-quintetto-pour-le-forte-piano-avec-oboe-clarinette-basson-et-cor-ou-violon-alto-et-violoncelle-oeuvre-16\/\">Beethoven: Grand Quintetto pour le Forte-Piano avec Obo\u00eb, Clarinette, Basson et Cor ou Violon, Alto et Violoncelle&#8230; Oeuvre 16.<\/a><\/li><li><a href=\"https:\/\/www.altenbergtrio.at\/en\/brahms-klavierquartett-nr-2-a-dur-op-26\/\">Brahms:  Klavierquartett Nr.2, A-Dur, op.26<\/a><\/li><li><a href=\"https:\/\/www.altenbergtrio.at\/en\/brahms-klavierquartett-nr-3-c-moll-op-60\/\">Brahms: Klavierquartett Nr.3, c-moll, op.60<\/a><\/li><li><a href=\"https:\/\/www.altenbergtrio.at\/en\/dvorak-zweites-quartett-fuer-pianoforte-violine-viola-und-violoncell-es-dur-op-87-b-162\/\">Dvo\u0159\u00e1k: Zweites Quartett f\u00fcr Pianoforte, Violine, Viola und Violoncell, Es-Dur, op.87 [B 162]<\/a><\/li><li><a href=\"https:\/\/www.altenbergtrio.at\/en\/herzogenberg-quartett-fuer-klavier-violine-viola-und-violoncello-nr-1-e-moll-op-75\/\">Herzogenberg: Quartett f\u00fcr Klavier, Violine, Viola und Violoncello Nr.1, e-moll, op.75<\/a><\/li><li><a href=\"https:\/\/www.altenbergtrio.at\/en\/herzogenberg-quartett-fuer-klavier-violine-viola-und-violoncello-nr-2-b-dur-op-95\/\">Herzogenberg: Quartett f\u00fcr Klavier, Violine, Viola und Violoncello Nr.2, B-Dur, op.95<\/a><\/li><li><a href=\"https:\/\/www.altenbergtrio.at\/en\/hindemith-quartett-fuer-klarinette-violine-violoncello-und-klavier-1938\/\">Hindemith: Quartett f\u00fcr Klarinette, Violine, Violoncello und Klavier (1938)<\/a><\/li><li><a href=\"https:\/\/www.altenbergtrio.at\/en\/mendelssohn-klavierquartett-nr-4-h-moll-op-3\/\">Mendelssohn: Klavierquartett [Nr.4], h-moll, op.3<\/a><\/li><li><a href=\"https:\/\/www.altenbergtrio.at\/en\/mozart-quatuor-pour-le-clavecin-ou-fortepiano-violon-tallie-sic-et-basse-nr-1-g-moll-kv-478\/\">Mozart: Quatuor pour le Clavecin, ou Fortepiano, Violon, Tallie [sic] et Basse [Nr.1, g-moll, KV 478]<\/a><\/li><li><a href=\"https:\/\/www.altenbergtrio.at\/en\/schumann-quartett-fuer-pianoforte-violine-viola-und-violoncello-es-dur-op-47\/\">Schumann: Quartett f\u00fcr Pianoforte, Violine, Viola und Violoncello, Es-Dur, op.47<\/a><\/li><li><a href=\"https:\/\/www.altenbergtrio.at\/en\/strauss-klavierquartett-es-dur-op-13\/\">Strauss: Klavierquartett Es-Dur op.13<\/a><\/li><\/ul>\n","protected":false},"excerpt":{"rendered":"","protected":false},"author":2,"featured_media":0,"parent":249,"menu_order":2,"comment_status":"closed","ping_status":"closed","template":"","meta":{"footnotes":""},"class_list":{"0":"post-260","1":"page","2":"type-page","3":"status-publish","5":"entry"},"translation":{"provider":"WPGlobus","version":"3.0.1","language":"en","enabled_languages":["de","en"],"languages":{"de":{"title":true,"content":true,"excerpt":false},"en":{"title":true,"content":true,"excerpt":false}}},"_links":{"self":[{"href":"https:\/\/www.altenbergtrio.at\/en\/wp-json\/wp\/v2\/pages\/260","targetHints":{"allow":["GET"]}}],"collection":[{"href":"https:\/\/www.altenbergtrio.at\/en\/wp-json\/wp\/v2\/pages"}],"about":[{"href":"https:\/\/www.altenbergtrio.at\/en\/wp-json\/wp\/v2\/types\/page"}],"author":[{"embeddable":true,"href":"https:\/\/www.altenbergtrio.at\/en\/wp-json\/wp\/v2\/users\/2"}],"replies":[{"embeddable":true,"href":"https:\/\/www.altenbergtrio.at\/en\/wp-json\/wp\/v2\/comments?post=260"}],"version-history":[{"count":9,"href":"https:\/\/www.altenbergtrio.at\/en\/wp-json\/wp\/v2\/pages\/260\/revisions"}],"predecessor-version":[{"id":1058,"href":"https:\/\/www.altenbergtrio.at\/en\/wp-json\/wp\/v2\/pages\/260\/revisions\/1058"}],"up":[{"embeddable":true,"href":"https:\/\/www.altenbergtrio.at\/en\/wp-json\/wp\/v2\/pages\/249"}],"wp:attachment":[{"href":"https:\/\/www.altenbergtrio.at\/en\/wp-json\/wp\/v2\/media?parent=260"}],"curies":[{"name":"wp","href":"https:\/\/api.w.org\/{rel}","templated":true}]}}

<!-- Page-list plugin v.4.3 wordpress.org/plugins/page-list/ -->
<ul class="page-list subpages-page-list ">
<li class="page_item page-item-262 first-child-item last-child-item"><a href="https://www.altenbergtrio.at/en/texte/klavierquartette/klavierquartette-mit-viola/">Piano Quartets with viola</a></li>

</ul>


<ul class="lcp_catlist" id="lcp_instance_0"><li><a href="https://www.altenbergtrio.at/en/beethoven-grand-quintetto-pour-le-forte-piano-avec-oboe-clarinette-basson-et-cor-ou-violon-alto-et-violoncelle-oeuvre-16/">Beethoven: Grand Quintetto pour le Forte-Piano avec Oboë, Clarinette, Basson et Cor ou Violon, Alto et Violoncelle&#8230; Oeuvre 16.</a></li><li><a href="https://www.altenbergtrio.at/en/brahms-klavierquartett-nr-2-a-dur-op-26/">Brahms:  Klavierquartett Nr.2, A-Dur, op.26</a></li><li><a href="https://www.altenbergtrio.at/en/brahms-klavierquartett-nr-3-c-moll-op-60/">Brahms: Klavierquartett Nr.3, c-moll, op.60</a></li><li><a href="https://www.altenbergtrio.at/en/dvorak-zweites-quartett-fuer-pianoforte-violine-viola-und-violoncell-es-dur-op-87-b-162/">Dvořák: Zweites Quartett für Pianoforte, Violine, Viola und Violoncell, Es-Dur, op.87 [B 162]</a></li><li><a href="https://www.altenbergtrio.at/en/herzogenberg-quartett-fuer-klavier-violine-viola-und-violoncello-nr-1-e-moll-op-75/">Herzogenberg: Quartett für Klavier, Violine, Viola und Violoncello Nr.1, e-moll, op.75</a></li><li><a href="https://www.altenbergtrio.at/en/herzogenberg-quartett-fuer-klavier-violine-viola-und-violoncello-nr-2-b-dur-op-95/">Herzogenberg: Quartett für Klavier, Violine, Viola und Violoncello Nr.2, B-Dur, op.95</a></li><li><a href="https://www.altenbergtrio.at/en/hindemith-quartett-fuer-klarinette-violine-violoncello-und-klavier-1938/">Hindemith: Quartett für Klarinette, Violine, Violoncello und Klavier (1938)</a></li><li><a href="https://www.altenbergtrio.at/en/mendelssohn-klavierquartett-nr-4-h-moll-op-3/">Mendelssohn: Klavierquartett [Nr.4], h-moll, op.3</a></li><li><a href="https://www.altenbergtrio.at/en/mozart-quatuor-pour-le-clavecin-ou-fortepiano-violon-tallie-sic-et-basse-nr-1-g-moll-kv-478/">Mozart: Quatuor pour le Clavecin, ou Fortepiano, Violon, Tallie [sic] et Basse [Nr.1, g-moll, KV 478]</a></li><li><a href="https://www.altenbergtrio.at/en/schumann-quartett-fuer-pianoforte-violine-viola-und-violoncello-es-dur-op-47/">Schumann: Quartett für Pianoforte, Violine, Viola und Violoncello, Es-Dur, op.47</a></li><li><a href="https://www.altenbergtrio.at/en/strauss-klavierquartett-es-dur-op-13/">Strauss: Klavierquartett Es-Dur op.13</a></li></ul>
